he hundreds digit of 3485232?
2
What is the tens digit of 602312?
1
What is the tens digit of 31452484?
8
What is the hundred thousands digit of 1259871?
2
What is the ten thousands digit of 4185626?
8
What is the thousands digit of 487587?
7
What is the hundreds digit of 2370295?
2
What is the millions digit of 13569406?
3
What is the thousands digit of 12821039?
1
What is the thousands digit of 55098?
5
What is the units digit of 1701489?
9
What is the ten thousands digit of 51846?
5
What is the thousands digit of 7197730?
7
What is the hundreds digit of 2688264?
2
What is the hundred thousands digit of 727079?
7
What is the ten thousands digit of 338669?
3
What is the units digit of 215013?
3
What is the thousands digit of 2600407?
0
What is the tens digit of 210772?
7
What is the hundreds digit of 5908432?
4
What is the units digit of 2036732?
2
What is the units digit of 10877465?
5
What is the units digit of 15955985?
5
What is the thousands digit of 14560513?
0
What is the hundred thousands digit of 451356?
4
What is the millions digit of 4400342?
4
What is the thousands digit of 288934?
8
What is the millions digit of 4528810?
4
What is the millions digit of 2589207?
2
What is the tens digit of 430499?
9
What is the units digit of 5144267?
7
What is the thousands digit of 9821824?
1
What is the hundreds digit of 253738?
7
What is the hundreds digit of 1165504?
5
What is the millions digit of 3297055?
3
What is the units digit of 924732?
2
What is the thousands digit of 7492141?
2
What is the hundred thousands digit of 2698625?
6
What is the tens digit of 103251?
5
What is the hundred thousands digit of 441175?
4
What is the units digit of 15635805?
5
What is the hundreds digit of 183557?
5
What is the hundred thousands digit of 181059?
1
What is the hundred thousands digit of 357483?
3
What is the tens digit of 17955875?
7
What is the tens digit of 225796?
9
What is the tens digit of 29597?
9
What is the tens digit of 402379?
7
What is the thousands digit of 918663?
8
What is the ten thousands digit of 1655997?
5
What is the hundred thousands digit of 560660?
5
What is the thousands digit of 1953294?
3
What is the hundreds digit of 1615789?
7
What is the hundreds digit of 273678?
6
What is the hundred thousands digit of 577329?
5
What is the thousands digit of 2615722?
5
What is the ten thousands digit of 438409?
3
What is the thousands digit of 30080043?
0
What is the thousands digit of 37732?
7
What is the units digit of 31445930?
0
What is the thousands digit of 1012743?
2
What is the millions digit of 4472623?
4
What is the ten thousands digit of 813184?
1
What is the hundreds digit of 2187694?
6
What is the hundred thousands digit of 1185861?
1
What is the tens digit of 18840173?
7
What is the hundreds digit of 75919?
9
What is the hundred thousands digit of 508786?
5
What is the tens digit of 2878584?
8
What is the tens digit of 562480?
8
What is the tens digit of 5620004?
0
What is the tens digit of 3703308?
0
What is the tens digit of 5150736?
3
What is the units digit of 143533?
3
What is the ten thousands digit of 23887405?
8
What is the units digit of 984799?
9
What is the units digit of 3613941?
1
What is the thousands digit of 583269?
3
What is the hundreds digit of 38863?
8
What is the hundred thousands digit of 359134?
3
What is the units digit of 137532?
2
What is the units digit of 1250944?
4
What is the hundred thousands digit of 658901?
6
What is the thousands digit of 838777?
8
What is the millions digit of 7529839?
7
What is the hundreds digit of 23130?
1
What is the tens digit of 225837?
3
What is the ten thousands digit of 1268738?
6
What is the units digit of 948770?
0
What is the thousands digit of 4854?
4
What is the units digit of 3842357?
7
What is the ten thousands digit of 150900?
5
What is the thousands digit of 293155?
3
What is the millions digit of 6432612?
6
What is the thousands digit of 1554710?
4
What is the millions digit of 4018104?
4
What is the millions digit of 3570040?
3
What is the millions digit of 4705067?
4
What is the thousands digit of 3287238?
7
What is the thousands digit of 2183804?
3
What is the units digit of 5919507?
7
What is the ten thousands digit of 247919?
4
What is the hundreds digit of 2398319?
3
What is the units digit of 571909?
9
What is the hundreds digit of 7579027?
0
What is the tens digit of 684176?
7
What is the units digit of 2076109?
9
What is the thousands digit of 9584177?
4
What is the hundred thousands digit of 1200651?
2
What is the thousands digit of 1281550?
1
What is the hundreds digit of 115166?
1
What is the thousands digit of 4683639?
3
What is the ten thousands digit of 6972534?
7
What is the units digit of 2817413?
3
What is the tens digit of 2531364?
6
What is the thousands digit of 84151?
4
What is the tens digit of 397732?
3
What is the tens digit of 130616?
1
What is the hundreds digit of 4960150?
1
What is the ten thousands digit of 715482?
1
What is the units digit of 59139?
9
What is the hundreds digit of 364449?
4
What is the units digit of 1825625?
5
What is the tens digit of 41147?
4
What is the ten thousands digit of 13701959?
0
What is the hundred thousands digit of 34429222?
4
What is the hundreds digit of 17767340?
3
What is the ten thousands digit of 222520?
2
What is the hundred thousands digit of 17611489?
6
What is the tens digit of 958129?
2
What is the tens digit of 55473?
7
What is the thousands digit of 629843?
9
What is the tens digit of 5632103?
0
What is the hundred thousands digit of 16771743?
7
What is the tens digit of 78529?
2
What is the ten millions digit of 39577242?
3
What is the ten thousands digit of 6354500?
5
What is the units digit of 1909655?
5
What is the thousands digit of 6119268?
9
What is the hundred thousands digit of 555506?
5
What is the tens digit of 19818554?
5
What is the units digit of 277940?
0
What is the thousands digit of 1242433?
2
What is the hundred thousands digit of 1451682?
4
What is the hundreds digit of 23058413?
4
What is the hundred thousands digit of 496382?
4
What is the units digit of 308975?
5
What is the hundreds digit of 32940911?
9
What is the millions digit of 10762190?
0
What is the millions digit of 6235300?
6
What is the hundreds digit of 1004325?
3
What is the thousands digit of 146961?
6
What is the hundred thousands digit of 13540891?
5
What is the units digit of 11279060?
0
What is the units digit of 274796?
6
What is the units digit of 302223?
3
What is the units digit of 1568203?
3
What is the ten thousands digit of 2196420?
9
What is the millions digit of 1033026?
1
What is the ten thousands digit of 996031?
9
What is the thousands digit of 1461437?
1
What is the units digit of 10150374?
4
What is the millions digit of 2088842?
2
What is the ten thousands digit of 5150074?
5
What is the hundred thousands digit of 206630?
2
What is the hundreds digit of 39922?
9
What is the hundred thousands digit of 19957667?
9
What is the tens digit of 16711?
1
What is the hundreds digit of 24667348?
3
What is the ten thousands digit of 4575207?
7
What is the tens digit of 1165519?
1
What is the tens digit of 3276?
7
What is the tens digit of 217141?
4
What is the tens digit of 1343660?
6
What is the ten millions digit of 16388785?
1
What is the millions digit of 5823711?
5
What is the hundred thousands digit of 539569?
5
What is the millions digit of 19113369?
9
What is the thousands digit of 144994?
4
What is the hundreds digit of 508479?
4
What is the hundred thousands digit of 1441680?
4
What is the units digit of 390762?
2
What is the ten thousands digit of 237914?
3
What is the units digit of 1554017?
7
What is the units digit of 106908?
8
What is the ten thousands digit of 163621?
6
What is the hundred thousands digit of 341046?
3
What is the hundred thousands digit of 1714441?
7
What is the hundreds digit of 879983?
9
What is the tens digit of 1413528?
2
What is the units digit of 6042057?
7
What is the ten millions digit of 13008267?
1
What is the ten thousands digit of 2246805?
4
What is the ten thousands digit of 373337?
7
What is the hundred thousands digit of 255038?
2
What is the tens digit of 566060?
6
What is the hundreds digit of 8839613?
6
What is the units digit